2025?
2
What is the tens digit of 131475?
7
What is the thousands digit of 162559?
2
What is the thousands digit of 978219?
8
What is the ten thousands digit of 4113491?
1
What is the tens digit of 3205533?
3
What is the hundred thousands digit of 5315893?
3
What is the hundred thousands digit of 13494450?
4
What is the ten thousands digit of 974006?
7
What is the hundreds digit of 245203?
2
What is the millions digit of 2626289?
2
What is the ten thousands digit of 3851061?
5
What is the tens digit of 332170?
7
What is the units digit of 15887?
7
What is the hundreds digit of 42357?
3
What is the ten thousands digit of 47864?
4
What is the ten millions digit of 22858821?
2
What is the hundreds digit of 3971761?
7
What is the thousands digit of 1364745?
4
What is the units digit of 10260690?
0
What is the ten thousands digit of 132745?
3
What is the tens digit of 32184662?
6
What is the ten thousands digit of 119157?
1
What is the ten thousands digit of 2657846?
5
What is the tens digit of 788341?
4
What is the hundreds digit of 99566?
5
What is the thousands digit of 7233590?
3
What is the tens digit of 342936?
3
What is the ten thousands digit of 13230429?
3
What is the units digit of 1711369?
9
What is the thousands digit of 9551164?
1
What is the hundreds digit of 97921?
9
What is the thousands digit of 966263?
6
What is the units digit of 128187?
7
What is the ten thousands digit of 2256329?
5
What is the thousands digit of 529987?
9
What is the units digit of 16626582?
2
What is the thousands digit of 115700?
5
What is the thousands digit of 331567?
1
What is the hundreds digit of 11456?
4
What is the tens digit of 6020?
2
What is the hundreds digit of 493738?
7
What is the hundred thousands digit of 396591?
3
What is the hundreds digit of 128698?
6
What is the tens digit of 756111?
1
What is the ten thousands digit of 153695?
5
What is the hundred thousands digit of 1590632?
5
What is the tens digit of 96209?
0
What is the tens digit of 2474335?
3
What is the millions digit of 10284543?
0
What is the hundreds digit of 9881153?
1
What is the hundreds digit of 2200203?
2
What is the ten thousands digit of 23302466?
0
What is the units digit of 20268460?
0
What is the hundreds digit of 4194547?
5
What is the tens digit of 6725867?
6
What is the hundreds digit of 8907242?
2
What is the ten thousands digit of 643258?
4
What is the hundreds digit of 4254976?
9
What is the thousands digit of 25239863?
9
What is the tens digit of 138054?
5
What is the millions digit of 2081808?
2
What is the hundreds digit of 26222124?
1
What is the millions digit of 2017229?
2
What is the ten thousands digit of 20721076?
2
What is the thousands digit of 305334?
5
What is the hundreds digit of 7971505?
5
What is the hundreds digit of 7383039?
0
What is the thousands digit of 301033?
1
What is the ten thousands digit of 12593164?
9
What is the thousands digit of 4557971?
7
What is the units digit of 99114?
4
What is the thousands digit of 1726319?
6
What is the tens digit of 5302718?
1
What is the units digit of 1645771?
1
What is the units digit of 1068312?
2
What is the hundreds digit of 297460?
4
What is the hundreds digit of 383671?
6
What is the thousands digit of 43640?
3
What is the units digit of 499850?
0
What is the units digit of 16911590?
0
What is the units digit of 14201513?
3
What is the thousands digit of 3656984?
6
What is the hundreds digit of 9621495?
4
What is the thousands digit of 1343342?
3
What is the tens digit of 260257?
5
What is the millions digit of 9296923?
9
What is the hundreds digit of 52481?
4
What is the tens digit of 552241?
4
What is the hundreds digit of 399005?
0
What is the thousands digit of 3147087?
7
What is the hundreds digit of 660244?
2
What is the units digit of 26604?
4
What is the hundred thousands digit of 9218499?
2
What is the tens digit of 892653?
5
What is the thousands digit of 2202829?
2
What is the tens digit of 21937?
3
What is the thousands digit of 561566?
1
What is the tens digit of 11025516?
1
What is the tens digit of 3343462?
6
What is the ten thousands digit of 2814993?
1
What is the thousands digit of 37344782?
4
What is the thousands digit of 312060?
2
What is the tens digit of 4661825?
2
What is the tens digit of 18657233?
3
What is the thousands digit of 62376?
2
What is the hundred thousands digit of 142796?
1
What is the units digit of 17436184?
4
What is the units digit of 1918257?
7
What is the hundred thousands digit of 680280?
6
What is the ten thousands digit of 841681?
4
What is the ten millions digit of 14454864?
1
What is the thousands digit of 507408?
7
What is the hundred thousands digit of 8660311?
6
What is the units digit of 8170336?
6
What is the ten thousands digit of 88688?
8
What is the tens digit of 973509?
0
What is the ten thousands digit of 1858039?
5
What is the tens digit of 974064?
6
What is the thousands digit of 2875624?
5
What is the units digit of 5826091?
1
What is the tens digit of 92373?
7
What is the millions digit of 1089791?
1
What is the hundred thousands digit of 11629209?
6
What is the ten thousands digit of 399235?
9
What is the hundreds digit of 803843?
8
What is the hundred thousands digit of 1484451?
4
What is the hundreds digit of 334548?
5
What is the hundreds digit of 246378?
3
What is the tens digit of 953609?
0
What is the thousands digit of 19747797?
7
What is the hundred thousands digit of 274040?
2
What is the millions digit of 1270823?
1
What is the thousands digit of 139122?
9
What is the hundreds digit of 1007767?
7
What is the hundred thousands digit of 3300987?
3
What is the hundreds digit of 1229769?
7
What is the ten thousands digit of 240768?
4
What is the ten thousands digit of 754343?
5
What is the tens digit of 4706452?
5
What is the thousands digit of 50589?
0
What is the hundreds digit of 1707005?
0
What is the ten thousands digit of 174026?
7
What is the thousands digit of 26240?
6
What is the ten thousands digit of 241477?
4
What is the ten millions digit of 19596173?
1
What is the hundreds digit of 3476756?
7
What is the ten thousands digit of 2633771?
3
What is the ten thousands digit of 249494?
4
What is the hundred thousands digit of 126488?
1
What is the thousands digit of 501386?
1
What is the ten thousands digit of 2803885?
0
What is the thousands digit of 404053?
4
What is the thousands digit of 578125?
8
What is the hundreds digit of 4005041?
0
What is the tens digit of 2950240?
4
What is the hundreds digit of 8561306?
3
What is the ten thousands digit of 6644205?
4
What is the tens digit of 230241?
4
What is the ten thousands digit of 15557090?
5
What is the tens digit of 669175?
7
What is the thousands digit of 4022652?
2
What is the hundreds digit of 665064?
0
What is the units digit of 683602?
2
What is the hundred thousands digit of 1139090?
1
What is the hundred thousands digit of 1176680?
1
What is the tens digit of 1198800?
0
What is the hundreds digit of 567588?
5
What is the hundreds digit of 1027015?
0
What is the units digit of 279297?
7
What is the ten thousands digit of 2656811?
5
What is the hundreds digit of 659160?
1
What is the thousands digit of 635503?
5
What is the millions digit of 1222038?
1
What is the tens digit of 8294266?
6
What is the units digit of 1910670?
0
What is the units digit of 13419769?
9
What is the hundred thousands digit of 247129?
2
What is the units digit of 1377116?
6
What is the tens digit of 2894184?
8
What is the hundreds digit of 1937891?
8
What is the units digit of 125971?
1
What is the thousands digit of 431812?
1
What is the ten thousands digit of 134028?
3
What is the hundreds digit of 1871003?
0
What is the hundred thousands digit of 3877457?
8
What is the units digit of 69640?
0
What is the thousands digit of 201797?
1
What is the units digit of 1296194?
4
What is the millions digit of 12299052?
2
What is the millions digit of 6483523?
6
What is the ten thousands digit of 366449?
6
What is the ten thousands digit of 268746?
6
What is the hundred thousands digit of 9338050?
3
What is the tens digit of 4713436?
3
What is the tens digit of 972276?
7
What is the hundreds digit of 5748673?
6
What is the thousands digit of 15505119?
5
What is the ten thousands digit o